1
Calculate 9 + -17 + (-1 - 1) + 5.
-5
Evaluate -24 + 19 - (0 - 13).
8
6 - (3 - -7) - -6
2
Calculate (5 - -1) + 1 - 2.
5
What is the value of -6 + -1 + -3 + 10?
0
Calculate 1 - (4 - ((0 - -13) + -5)).
5
What is -7 + (8 - 8 - -8)?
1
(-4 - -1) + 2 + -1 + 4
2
What is (11 - 0 - 5) + -2 + -4?
0
-5 - (-15 + (6 - -4))
0
What is the value of 5 + 0 + 0 - (2 + 0)?
3
What is the value of 7 - 5 - (1 - -1 - -1)?
-1
6 + (-8 - 2 - -3)
-1
Evaluate -1 - (7 + -18 + 8).
2
What is the value of (-2 - 5) + 8 + 5?
6
Calculate 0 - (0 - -3 - (-12 - -20)).
5
5 + 0 + (-1 - 2) + 0
2
What is (1 - 0) + 5 + -4 - -3?
5
What is the value of (3 - 3 - -2 - 1) + 4?
5
What is the value of (4 - 3 - 2) + -5 + -2?
-8
Evaluate 2 + (-2 - (4 - 4 - 4)).
4
Evaluate 0 + (7 + -9 - 4).
-6
What is the value of 4 - (5 + -3 + -1) - 5?
-2
Calculate 5 - -5 - (-3 - -6 - -3).
4
Evaluate -7 + 1 + (-11 - -17).
0
What is the value of 4 + (6 + 1 - 5)?
6
Calculate 5 + (-3 - (1 - 2 - 1)).
4
Evaluate 12 + -28 - (-4 - 5 - -2).
-9
Calculate -5 + 9 + -5 + 0.
-1
What is -6 - (-19 + 5 + 8)?
0
What is 4 - (-4 - (-16 + 5))?
-3
-1 + 9 - ((8 - 4) + -1)
5
What is 1 + 0 - (6 - 6) - -1?
2
(-11 - (-7 + 0)) + -2
-6
(0 - -4) + -1 + -6 + 8
5
What is (-4 + 2 - (4 - 3)) + -1?
-4
7 - (3 + (11 - 7))
0
6 - (2 - (1 + (0 - 0)))
5
What is the value of -10 + 13 + 2 + -1 + -9?
-5
Calculate (-1 - 6) + (-11 - -7) + 10.
-1
11 + -11 + (3 + -3 - 0)
0
Evaluate 3 + (-11 - -14) + (-6 - -1).
1
What is -6 + (7 - (-1 - -12)) - -2?
-8
What is -5 + (-1 - -4) - (-2 + 5)?
-5
Evaluate -1 + 8 + -2 + -1 - -4.
8
What is -2 + 5 + 1 + -6?
-2
What is the value of -3 + 0 - ((2 - 3) + 1)?
-3
Evaluate -4 + 0 - (5 + (-3 - 1)).
-5
What is the value of 1 - ((2 + 4 - 0) + -1)?
-4
What is 8 - (7 + -5) - (1 + 0)?
5
What is the value of 3 - (0 - (-3 + 0 + 0))?
0
Evaluate (0 - -7) + -6 + 3.
4
Calculate (2 - 6) + 19 + -14 - 2.
-1
What is 2 + -4 + 3 - -2?
3
Evaluate -9 + -3 + (8 - 3) + 0.
-7
Calculate -8 + 10 + (1 - (5 - 2)).
0
What is (-3 - -7 - 4) + 1 + -1?
0
What is the value of -5 + (-2 - (10 + -23))?
6
Calculate -5 + -3 + 14 + -12.
-6
What is 3 + (11 - 16) - (-1 + 1)?
-2
What is the value of -1 + -5 + -41 + 47 - -2?
2
What is the value of 1 - (-2 - (-4 - (1 - 8)))?
6
-3 + 0 + (-11 - (-13 + 6))
-7
What is -5 - 11 - -17 - (0 - -6)?
-5
-36 + 38 + -1 + -3 + -2
-4
(7 - 9) + -2 + 7
3
Evaluate 7 + (-11 + -5 - -8).
-1
What is the value of 51 + -51 - (-1 + 1)?
0
-5 + ((3 - 0) + 6 - 4)
0
Evaluate 1 + 2 + -2 - 5.
-4
What is (-2 - -3) + (-7 - 9) + 11?
-4
What is 1 + 1 + -11 - -4?
-5
What is (0 - 2) + 2 + 0 + -1?
-1
Evaluate 2 + -8 + 2 + 6 - 0.
2
Calculate (-9 - -2) + 7 + -4.
-4
Calculate -1 + 1 - (58 - 62).
4
What is the value of (3 - 5) + (-1 - 1 - -7)?
3
What is -2 + (3 + -5 - (4 + -4))?
-4
2 - (-7 + (2 - -8))
-1
Calculate -4 + (9 - 1) + -2 + 0.
2
What is the value of (3 - 0) + -4 + (-2 - -4)?
1
What is (3 - 4) + -1 + -3?
-5
Evaluate 1 + (9 - 4) + -5.
1
Evaluate 6 - (7 + -11 + 7).
3
Evaluate (4 - (0 - -3)) + -5.
-4
Evaluate (-8 - (-4 - -2 - 2)) + 1.
-3
Calculate 1 + 6 + -1 - (40 - 31).
-3
What is the value of (-3 - 5 - -4) + 3?
-1
(4 - (1 - 3)) + -55 + 57
8
-1 + -9 + 4 - (-3 + 2)
-5
Calculate 16 + -13 - (0 + 1).
2
What is the value of (-1 - 0) + 2 - (-11 + 16)?
-4
(-2 + 4 - 0) + -4 + 9
7
-3 + 1 + 2 + (-3 - -1)
-2
Calculate 10 - (0 - -19) - -12.
3
Calculate -5 + (4 - (-14 + 12)).
1
Evaluate 0 + -4 + 4 + 3.
3
Evaluate 21 - 10 - (-9 - -12).
8
Calculate 1 + (-10 + (-3 - -9) - -3).
0
What is -12 + 7 + -10 + 12?
-3
What is the value of -5 + 5 + -1 + -3?
-4
What is the value of 7 - (10 + -7 + 5)?
-1
-1 + -2 - -4 - (9 - 8)
0
Calculate -5 - ((2 - 6) + -1).
0
Evaluate -6 - ((-4 - 0) + 1).
-3
What is -6 - (-1 - -5 - (29 - 25))?
-6
Evaluate -1 - (0 + -2 + -10 + 9).
2
What is -17 - (-14 - (6 - 5))?
-2
(3 - 5) + -7 - -11
2
8 + -5 - (12 - 9)
0
What is the value of -2 + 1 + 3 + -1?
1
What is the value of 5 - (3 + -1 - (-5 - -7))?
5
What is the value of -4 - 1 - (-21 + 9 + 0)?
7
What is the value of -2 + 1 + -12 + 21?
8
Evaluate 1 - (-4 - -2 - 3).
6
1 + (5 - 9) - 1
-4
Evaluate 0 - 1 - (7 + -6).
-2
Calculate -4 + -1 + (1 + -1 - -4).
-1
What is the value of -9 - (-8 - 0 - (-5 - -1))?
-5
What is the value of (-4 - (-5 - -5) - -2) + -3?
-5
Calculate 3 + (-4 - (5 + -6)).
0
What is 4 + -16 + 8 - (-3 - 0)?
-1
What is 3 - (4 + -7) - (6 - -2)?
-2
What is -7 - ((-1 - 4) + 11 + -11)?
-2
Evaluate 0 - -7 - (33 + -29).
3
Evaluate 4 - (6 - (2 - 4)).
-4
What is 0 - (1 + -3 + 4 - 7)?
5
Calculate 2 - (-6 - -3 - -3).
2
6 + (1 + 1 - 4)
4
0 + (0 - 2 - (1 + -1))
-2
(25 - 14 - 6) + 1 + -11
-5
5 + (2 - (5 + -2))
4
Calculate (2 - 12 - -9) + 1.
0
Calculate -2 + (0 - 1) - (-1 - 4).
2
What is (5 - 3 - -3 - 4) + -2?
-1
Calculate (-2 - -12) + 3 + -19.
-6
Evaluate 6 - (5 - 7 - -4).
4
4 - (-7 + 6) - (3 - 2)
4
What is the value of -8 + (7 - 2) + -5?
-8
-8 - -4 - (-10 + 1)
5
What is the value of 5 - -2 - 1 - (6 + -5)?
5
-3 - 3 - (-2 - 1) - -6
3
(0 - 0) + -3 + -4 - -12
5
Evaluate (6 - 11) + 9 - 2.
2
What is the value of 5 + (4 + -1 - 6) - -2?
4
What is 1 + -7 - (0 + -3)?
-3
Evaluate -7 - (-9 + 2) - -4.
4
-3 - (-7 + 7 + 2)
-5
Evaluate (3 - 4) + -2 + 6.
3
What is -4 + (-2 - -3) + 7 - 3?
1
What is the value of 1 + 22 + -19 + (1 - -1)?
6
What is the value of -5 + 4 - (19 - 24)?
4
Evaluate 7 + (-11 - -3) - -8.
7
Calculate -7 + (9 - 1) + -4.
-3
What is -4 + (-3 - 1) + 4?
-4
What is the value of 6 + 2 + (-1 - (14 + -4))?
-3
Evaluate -1 + (-6 - -2) + 17 + -14.
-2
What is 5 + -13 + 12 + 1?
5
Calculate (7 + -5 - 5) + 12.
9
What is -1 - -7 - (6 + -6 - -5)?
1
Calculate (8 - 1) + -8 - -8.
7
Calculate 9 - 1 - 10 - -8.
6
What is the value of -4 + -4 + 1 + 4?
-3
(13 - (4 - -14)) + 8 + -1
2
What is -6 - (4 + (-13 - -6) + 5)?
-8
What is the value of (4 - (0 + 2 + 1)) + 1?
2
What is -8 + (3 - (2 - 2))?
-5
Evaluate (1 - 6 - (-4 - 2)) + -4.
-3
What is -2 + (0 + -2 - (-6 - -3))?
-1
Evaluate 22 - 14 - (2 - -2).
4
Evaluate 3 + -25 + -1 + 15.
-8
1 - -3 - (0 + 1)
3
What is (0 - 0 - (-3 - 0)) + -7?
-4
What is the value of -2 - (3 + -2) - -3?
0
-2 + (-7 + 5 - 2) + -3
-9
Calculate (2 - 1 - 2 - -1) + 2.
2
-1 - -3 - (3 + -6 - -5)
0
Calculate 0 + 1 + 19 + -12 + -11.
-3
Evaluate 4 - (-9 - (-13 - -7)).
7
What is (4 - 0) + (7 - 14) - 1?
-4
Calculate 6 - 12 - (1 + -2).
-5
Calculate (-23 - (-1 + -4)) + 3 - -7.
-8
What is -3 - (-11 + 0 + 5)?
3
Calculate -3 + -7 + 3 + 1 + 7.
1
What is the value of (-4 - 2 - -1) + -2 + 1?
-6
Evaluate 2 - (2 - (-3 - -5 - 3)).
-1
What is -5 + 2 - -5 - 5?
-3
6 - (1 + 0 + -1 - -3)
3
Evaluate 7 - 1 - (1 + 1).
4
Evaluate -2 + 0 + 2 + -4.
-4
What is -4 - ((6 - 14) + 0)?
4
Evaluate -13 - (-6 - (2 - 1)) - -10.
4
Evaluate -4 - -1 - 11 - -6.
-8
Evaluate -11 - (-6 + (-8 - -7)).
-4
3 + 7 + -2 + -3
5
What is (3 - (1 - 0 - 3)) + -4?
1
What is -5 + (-2 - (2 - 6))?
-3
Evaluate -2 - (9 - (8 - 2)).
-5
-3 + 5 + (-6 - -6)
2
Evaluate 9 + -3 - (-1 + 5) - 1.
1
What is the value of -4 + (-2 - -6) + -1?
-1
What is (-3 - (-5 - -2)) + (1 - 3)?
-2
Calculate -5 + 4 + -7 + 7.
-1
Evaluate -3 + 4 + (76 - 68).
9
3 + (-1 - 3) + 4 - 2
1
Calculate -2 + 1 - 3 - -3 - -4.
3
Calculate 9 - (-2 - (-3 - -2 - 5)).
5
What is 6 + -5 + 0 + -4 - -5?
2
Calculate -2 - 3 - (4 + -14).
5
Evaluate -3 + ((6 - 11) + 4 - -2).
-2
6 + (1 - 1 - -1) + -3
4
What is 10 + (-7 - -1) + (1 - 0)?
5
Calculate 4 + -3 - 5 - -1.
-3
What is the value of 12 + (13 - (17 - -4))?
4
What is the value of (4 + 1 - 6) + -4?
-5
Calculate -2 - -2 - (-2 + 0).
2
(0 + 0 - 3) + -2
-5
-3 - (0 + -2 - (10 + -10))
-1
Evaluate -9 + (-1 - -9) + 1 + 5.
5
What is -2 - (2 + -1 - 3)?
0
What is 2 - (5 - (1 - 1)) - 4?
-7
What is -2 + (0 - 1) - (4 + -8)?
1
What is the value of (15 - 4) + (9 - 15)?
5
(-1 - 4) + (8 - (2 + 4))
-3
Calculate 5 + (10 - 11) + -5.
-1
Evaluate -4 + 12 - (-1 + -2 - -7).
4
What is 0 + -5 - (20 - 23)?
-2
(-1 - 8) + (-7 + 1 - -9)
-6
3 - 2 - (6 - (5 - 1))
-1
What is -214 - -213 - (7 - -1)?
-9
Calculate -18 + (2 - -5) + 5.
-6
-3 - ((12 - 11) + (-4 - -1))
-1
-6 + 12 - 0 - 3
3
Evaluate (9 - -1) + (-158 - -154).
6
Calculate -2 - (8 + (-1 - 8)).
-1
Evaluate (4 - 0) + -4 + -5.
-5
4 - 4 - (-8 + 4 + 3)
1
What is the value of 5 - (6 - 4) - 5?
-2
0 + (2 - (2 - (6 + -3)))
3
What is 1 + (2 + -8 - (-6 + -4))?
5
Evaluate 4 - (-1 + (4 - 1)) - 2.
0
-115 + 112 + (0 - 0 - -6)
3
Evaluate (-4 - -2) + 0 - -3.
1
What is t